ainder when 134 is divided by s(7).
44
Suppose -c = -0*v + 2*v - 4, -5 = -4*c + 3*v. Suppose 4*r + n = 3*n + 654, -n + 329 = c*r. Let f = r - 147. Calculate the remainder when 64 is divided by f.
13
Suppose 17 = -3*c + 29 + 228. Calculate the remainder when c is divided by 16.
0
Calculate the remainder when 456 is divided by (2 + 12)*480/1120.
0
Let y = 91 + -82. What is the remainder when 1371 is divided by y?
3
What is the remainder when 303 is divided by 1/(-3) - 7373/(-303) - -4?
23
Suppose 0 = 224*d - 585628 - 24324. What is the remainder when d is divided by 12?
11
Suppose 8 = -k + 2. Let g(s) = -s**2 - 5*s + 9. Let w be g(k). Let c(p) = p**3 - 2*p**2 + 2*p - 5. Calculate the remainder when 58 is divided by c(w).
8
Suppose 49 = 7*x - 392. Suppose 88 = -x*i + 65*i. What is the remainder when 87 is divided by i?
43
Let b(t) = 10*t**2 + 15*t - 39. What is the remainder when b(2) is divided by 25?
6
Suppose -12*p = -34*p + 44. Let f(l) = 7*l**2 + 25*l - 54. What is the remainder when 91 is divided by f(p)?
19
Suppose 5*x - 4*g - 1192 = 0, -830 = -5*x + 5*g + 370. Calculate the remainder when x is divided by 7.
1
Suppose -4*j + j = 249. Let u = 163 + j. What is the remainder when u is divided by 21?
17
Suppose 3*m - 3*b = 24, 3*m - 6*b - 21 = -2*b. Let s(v) = -2*v**2 - 6*v + 7. Let p be s(2). What is the remainder when m is divided by 4/(-1) + 18 + p?
0
Suppose -535 - 2960 = -5*u. Let v = u - 500. Calculate the remainder when v is divided by 20.
19
What is the remainder when 4832 is divided by ((-226)/(-52) + (-180)/(-1170))*2?
8
Suppose 0 = 100*x - 49865 - 9235. Calculate the remainder when x is divided by 55.
41
What is the remainder when (8398/(-76) - -40)*32/(-3) is divided by 8/(-2)*65/(-10)?
24
Let a = 325 - -186. Calculate the remainder when a is divided by 177.
157
Suppose 3*m - 7*m = -4*d + 368, 2*d - m - 179 = 0. Calculate the remainder when (2 - 1)*-1 + -14 + d is divided by 28.
16
Suppose 0 = 5*a + a - 30. Suppose w - 3*k = 19 + 5, 3*w + a*k - 114 = 0. Calculate the remainder when 127 is divided by w.
28
Let q = -11057 + 11992. What is the remainder when q is divided by 162?
125
Let x = -5 + 79. Let n(g) = -13*g**2 - 2*g + 49. Let w(o) = 11*o**2 + 2*o - 47. Let p(t) = 5*n(t) + 6*w(t). Calculate the remainder when x is divided by p(-9).
22
Let g(j) = -j**3 + 64*j**2 + 30*j - 84. What is the remainder when g(63) is divided by 68?
63
Let p = -5182 - -6763. Calculate the remainder when p is divided by 23.
17
Let c = 18 + -5. Suppose -16*s + c*s + 27 = 0. Let v(r) = -r**2 - 8*r + 1. Calculate the remainder when v(-4) is divided by s.
8
What is the remainder when 1168 is divided by -4 - 95/(-20) - ((-361)/4 - -1)?
88
Suppose 25*v = 3*g + 24*v - 246, g + 5*v - 82 = 0. Calculate the remainder when 3843 is divided by g.
71
Suppose -30 = 5*f + 20. Let k(d) = 2*d + 25. Let n = 2 - 0. Calculate the remainder when k(f) is divided by n.
1
Suppose 3*p = -2*m + 4*p - 85, -5*m - 4*p = 232. Let i = -54 - m. What is the remainder when (8/3 - 2)*(-375)/i is divided by 9?
7
Suppose 5*t - 7866 = -3*k, 3*t = -k - t + 2622. What is the remainder when k is divided by 25?
22
Let i = -39 - -51. Let l be (-40)/(-8)*i/(-10). Let d(x) = -x**3 - 5*x**2 + 4*x + 1. Calculate the remainder when 48 is divided by d(l).
9
Suppose -l = -5, 784*r = 781*r - l + 57206. Calculate the remainder when r is divided by 14.
13
Suppose -4*k + 2 + 7 = p, 111 = 5*p - 2*k. Let y = p - 15. Suppose 92*i - 91*i = 17. Calculate the remainder when i is divided by y.
5
Let l = 16796 + -16760. Suppose -21 = -z - 4*a + 174, 4*z - 3*a - 875 = 0. What is the remainder when z is divided by l?
35
Let w(q) = 101*q**2 + 39*q + 2. Let h = -8 - -11. Suppose -h*p + 2*p = -17. What is the remainder when w(-1) is divided by p?
13
Let y(k) = k**2 + 16*k + 64. Let z be y(-10). Suppose 0 = z*l - 2*s - 26, 0 = -l - l + 3*s + 3. What is the remainder when l is divided by 5?
4
Suppose 42*r + 0*r + 42 = 0. Let m(g) = -557*g + 64. Calculate the remainder when m(r) is divided by 89.
87
Suppose 23698*q - 23702*q - 72 = -4*d, -4*q = 40. Let y = 75 + -151. Let n = 128 + y. Calculate the remainder when n is divided by d.
4
What is the remainder when 2999 is divided by ((-1)/1)/(-16*33/19008)?
11
Let x = -37 + 275. Suppose 38*y = -368 + 2686. What is the remainder when x is divided by y?
55
Suppose -6*k = -7*k + 2*f - 3, 5*k - 3*f = 6. Suppose -4*h + 111 + 461 = -2*y, 0 = h + k*y - 150. What is the remainder when h is divided by 21?
18
Suppose 0 = 1108*j - 1064*j - 266244. Calculate the remainder when j is divided by 173.
169
Suppose 5215*l = 5228*l - 1300. What is the remainder when l is divided by 68?
32
Suppose -5*y - 38 = -43. Suppose g = -y + 24. Let v(p) = -p. Calculate the remainder when g is divided by v(-6).
5
Suppose -a = 3*u - 247, 2*a - 262 = 3*u + 268. Calculate the remainder when 981 is divided by a.
204
Let g = -7489 + 8373. What is the remainder when g is divided by 17?
0
Let r(u) = u**2 - 14*u - 407. Let i be r(0). Let w = i + 415. What is the remainder when 15 is divided by w?
7
Let b(l) = -2*l**2 - 5*l - 2. Let g be b(-3). Calculate the remainder when 45 + (0 - 1)*(28 - 25) is divided by -5*11*1/g.
9
Let i be 6305/26*(-12)/10. Let u = 336 + i. Calculate the remainder when u is divided by 24.
21
Let k = 69 - -52. Let v = k + -102. What is the remainder when 151 is divided by v?
18
Let m(f) = -f**2 - 4*f + 4. Let b be m(-4). Suppose -3*k = -b*k + 153. Suppose 0 = s - 6*s + 195. What is the remainder when k is divided by s?
36
Let y be -3 + (4 - -1441)/5. Let a = -78 + y. What is the remainder when a is divided by (-140)/12*(-6 - -3)?
33
Let t = 386 + -382. Suppose 0 = -3*i + 5*d + t, 0 = 32*i - 35*i - 4*d + 40. What is the remainder when i is divided by 2?
0
Let r = -3140 - -4488. What is the remainder when r is divided by 75?
73
Suppose 0 = -3*j + 17 + 25. Let t(d) = -14*d + 360. What is the remainder when j is divided by t(25)?
4
Let j(d) = d**3 + 17*d**2 + 42*d + 11. What is the remainder when 3945 is divided by j(-13)?
138
Let b(a) = a**2 + a - 2. Let i be b(-2). Suppose -2*j + 129 = 3*k - i*j, -43 = -k - 2*j. Let n = 18775 + -18759. What is the remainder when k is divided by n?
11
Let l = 218 + -206. What is the remainder when 59/(l/(-8) - -2) is divided by 54?
10
Suppose -z - 830 = -y, 4*y + 3350*z = 3345*z + 3365. What is the remainder when y is divided by 68?
19
Let y = -10612 - -10630. Calculate the remainder when 1887 is divided by y.
15
Suppose -198*s + 132*s = -792. Let k(y) = -y**3 - y**2 - 2*y - 1. What is the remainder when k(-3) is divided by s?
11
Suppose -17 = 4*x - 5, -4*o + 288 = 4*x. What is the remainder when 1724 is divided by o?
74
Suppose 4*k - 5*k + 174 = 0. Suppose 68*a + k = 66*a. Let h = a + 90. Calculate the remainder when h is divided by 2.
1
Let o(i) = 1208*i - 30132. Let s(y) = -y**3 - 5*y**2 + 5*y + 1. Calculate the remainder when o(25) is divided by s(-6).
5
Let o(m) = 3*m**3 - 2*m**2 + 4*m - 3. Suppose 3*x + 128 = 2*l, 25*x - 35*x + 18 = l. Calculate the remainder when o(4) is divided by l.
57
Let s = 10852 + -9447. Calculate the remainder when s is divided by 21.
19
Let a = 25 + -23. What is the remainder when 139 is divided by a*-1*58/(-4)?
23
Let y = -207 - -211. Suppose -l + 255 = y*u - 2*l, 5*l = -2*u + 111. What is the remainder when u is divided by 11?
8
Let h(a) be the first derivative of -16 - 26*a + 6*a**2 - 1/3*a**3. Calculate the remainder when 12 is divided by h(5).
3
Let t(j) = -j**2 + 24*j + 8. Let h be t(20). Suppose 10*v = -h + 688. What is the remainder when 179 is divided by v?
59
Let p(u) = -u**3 - u**2 - 7*u - 191. Let x be p(0). Let i = x + 223. Calculate the remainder when 119 is divided by i.
23
Let n(b) = -76*b + 551. Calculate the remainder when n(6) is divided by 41.
13
What is the remainder when ((-16)/(-52) + (-182420)/13)/(-2) is divided by 15?
11
Suppose 1856*i = 1846*i + 3220. Suppose 332*p - 200 = i*p. Calculate the remainder when 1/2 + (-189)/(-6) is divided by p.
12
Let j(k) = 2*k**3 + 124*k**2 - 4*k - 210. Calculate the remainder when 269 is divided by j(-62).
3
Let h = -128 - -3245. What is the remainder when h is divided by 22?
15
What is the remainder when ((-28)/5 + 5)/(52/(-252200)) is divided by 1455?
0
Let k(m) = m